se 39 + 1 = l*w. What are the prime factors of ((-16)/(-20))/(1/w)?
2
Let w = 13 + -22. Let m(u) = 12*u**3 - 2*u**2 - u. Let x be m(-1). Let k = w - x. What are the prime factors of k?
2
Let d be 1 + (-3)/((-3)/(-14)). Let g = 21 + d. List the prime factors of g.
2
Let r be (-9)/30*-2*5. Suppose -10 - 2 = -r*o. Suppose 16 = 6*w - o*w. List the prime factors of w.
2
Let z = 49 + -32. List the prime factors of z.
17
Let p = -98 - -202. What are the prime factors of p?
2, 13
Suppose -2*x = 0, 0*a + x - 20 = -5*a. Let t = a - -15. List the prime factors of t.
19
Let i be (-2 + -2)*22/8. Let f = 33 + i. What are the prime factors of f?
2, 11
Let m be 4/10 + 176/10. Let f = -13 + m. Suppose 17 = f*d - 23. List the prime factors of d.
2
Let n(m) = m**2 + 2*m - 1. Let y be n(-3). Let u be (y - (-3)/(-2))*10. Suppose 2*d + 6 = u*d. List the prime factors of d.
2
Let z be (-9)/27 + 4/(-6). List the prime factors of (-29)/2*(-1 + z).
29
Suppose -3*m + 42 = -m. What are the prime factors of m?
3, 7
Suppose 7 = 2*j - 3. Let u(m) = m**2 - 5*m + 3. List the prime factors of u(j).
3
Let k = 4 + -4. Suppose y = -k*y. Suppose -4*i - d + 33 = y, 3*i + 2*d = -0*d + 26. List the prime factors of i.
2
Let g(d) = 12*d**2 - 2*d + 1. Suppose 5*i - 5 = -5*q, -q - 10 = -6*q. Let n be 4*((-3)/12)/i. List the prime factors of g(n).
11
Suppose 0 = t - 6*t - 85. Let c = t - -47. Suppose 2*k = -3*k + c. List the prime factors of k.
2, 3
Suppose 4*y + 4 = -4. Let c = -4 - y. Let p(o) = -o**3 + 4*o + 3. What are the prime factors of p(c)?
3
Let k be -5 + (1 - -3) - -2. Let q(v) = 3*v**3 - v**2 + v - 1. What are the prime factors of q(k)?
2
Suppose -3*j + 4*j = 4*w + 5, 20 = 4*j + 3*w. Suppose -u + 6 + j = 0. List the prime factors of u.
11
Let r be 34/8 + 2/(-8). Suppose 0 = -0*l - 3*l - r*o - 5, 3*o + 40 = 5*l. List the prime factors of l.
5
Let y be 2/(-4) - 11/(-2). Suppose -6*h + 2*h = -76. Suppose h = n + y. List the prime factors of n.
2, 7
Suppose -3 = 2*o - 3*o. Suppose -o*z = -2*g + 1, -28 = -z - 6*g + g. What are the prime factors of z?
3
Let w = 12 + -8. Let x be ((-6)/8)/(3/(-12)). Suppose -x*i + 19 = w. List the prime factors of i.
5
Let n(g) = -g**3 + 10*g**2 - 9*g + 5. Let z be n(9). Suppose 0 = 5*r - z*d - 200, 4*r - 3*d + 4*d - 170 = 0. List the prime factors of r.
2, 3, 7
What are the prime factors of 13*-3*(13 - 16)?
3, 13
Let s be 4/(-14) - (-5048)/28. Suppose t = -4*w + 144, 4*t = -w - 4*w + s. Suppose 0 = -x - 3*x + w. List the prime factors of x.
3
Let j(z) = 3*z - 1. Let i be j(-3). Let w(c) = c**2 - 3*c - 1. Let d be w(-3). Let y = i + d. What are the prime factors of y?
7
Let z = -15 - -27. What are the prime factors of z?
2, 3
Suppose 9 = 2*r - h, r + 5*h - 1 = 9. Suppose 2 = r*t - 48. List the prime factors of t.
2, 5
Let a(b) = -b**2 + 5*b - 15. Let v be a(7). Let t(s) = 22*s + 1. Let k be t(2). Let z = k + v. List the prime factors of z.
2
Let h = 12 - -4. Let d = 42 - h. What are the prime factors of d?
2, 13
Suppose 0 = -2*x - 0*x + 3*h + 46, 128 = 5*x - h. Suppose -4*w + x = 14. List the prime factors of w.
3
Suppose 2*r - 4*b - 37 = 21, -161 = -5*r + 2*b. Let v = 57 - r. List the prime factors of v.
2, 3
Let r be (-3 - -2)*(-5 + -2). Let l(a) = 10*a + 8. Let f be l(r). Suppose 0 = -5*g + f - 28. List the prime factors of g.
2, 5
Let w = 4 - 8. What are the prime factors of 1 - w - (1 - -1)?
3
Suppose 3*n = -4*i + 10, -2*n + 4 = i - 6. What are the prime factors of (2 + -14)*n/(-4)?
2, 3
Let g be (-3)/(2 + 39/(-18)). Let x = g + 19. List the prime factors of x.
37
Let u(f) = f + 4. Let i(d) = -d**2 - 7*d - 3. Let z be i(-6). Let g = z + 2. List the prime factors of u(g).
3
Suppose -r + 62 - 15 = 0. List the prime factors of r.
47
Let p = -56 + 88. What are the prime factors of p?
2
Let t(q) be the third derivative of q**5/15 + q**4/24 - 5*q**3/6 - 3*q**2. List the prime factors of t(-4).
5, 11
Let n = -53 - -37. Let a be n/10 + (-8)/20. List the prime factors of (7/a + 2)*-6.
3
Let x(j) = 3*j + 2*j**3 - 94*j**2 + 99*j**2 - 3*j**3. What are the prime factors of x(4)?
2, 7
Suppose -3*n + 13 = -2*r - 12, 3*n = -3*r. Suppose 25 = n*v - 20. What are the prime factors of v?
3
Suppose 5*a - 201 = -2*i, 5*i + 174 = 5*a - a. List the prime factors of a.
41
Let g = 219 + 18. List the prime factors of g.
3, 79
Let g(f) = -f**2 + 6*f. Let s be g(5). Suppose 3*h - 30 = 2*h. Suppose -3*y = s*m - h, -2*y = -2*m - m + 37. What are the prime factors of m?
3
Let u be ((-30)/(-9))/((-4)/(-6)). Suppose 2*y = u*k - 0*k - 25, -8 = -4*k + 4*y. List the prime factors of k.
7
Let n = -12 - -16. List the prime factors of n.
2
Suppose 4*t = -t + 90. List the prime factors of t.
2, 3
Let w(k) = 4 + k + 3*k + k**2 + 0. Let g be w(-6). List the prime factors of g/(-20)*5/(-1).
2
Let q(w) = -24*w + 4. Let b be q(-3). Suppose -2*c - b = -6*c. What are the prime factors of c?
19
Suppose -2*k - 2 = 5*b - 20, -4*k - 4*b = -36. Let p = 4 + k. What are the prime factors of p?
13
Let f be 0 + (3 + 9)*-1. Let m be (-2 - f)/(-2)*-5. Suppose 2*c - m = p - 2*p, -3*p = 5*c - 73. List the prime factors of p.
3, 7
Suppose 0 = 2*v + 2*k + 22, 0 = -3*v - 2*v - k - 35. What are the prime factors of 1*(-15)/v*4?
2, 5
Let p = 18 - -13. Let u = -17 + p. What are the prime factors of u?
2, 7
Let f(k) = 2*k**3 + 3*k**2 - 2*k - 1. List the prime factors of f(2).
23
Let k = 13 + -10. Suppose k*b = 2*b + 17. What are the prime factors of b?
17
Suppose 4*o = 2*o + 4. List the prime factors of o.
2
Suppose 4*z + u - 4 = 7, -z - 4*u - 16 = 0. Let s be (2 - 0) + z + -4. List the prime factors of ((-42)/9)/(s/(-3)).
7
Let v(n) = -7*n + 3. Let o be v(-6). Suppose 6*y = y + o. List the prime factors of y.
3
Suppose -5*w + 14*w = 1494. What are the prime factors of w?
2, 83
Suppose -2*h + 4 = 2*h, -266 = -2*v + 2*h. List the prime factors of v.
2, 67
Let z(q) = q**3 + 17*q**2 - 27. List the prime factors of z(-16).
229
Let y be 12*(-2 + 4 + -3). What are the prime factors of 2 + 1 - (y - 25)?
2, 5
Let j be (5/(-15))/(2/18). List the prime factors of (-16)/j - (-1)/(-3).
5
Let b = -17 - -33. What are the prime factors of b?
2
Let l(c) = c**2 - c - 1. Let d(n) = -n**3 - 6*n**2 - 12*n + 4. Let t(o) = -d(o) + 3*l(o). List the prime factors of t(-7).
2, 7
Suppose v = 130 - 32. List the prime factors of v.
2, 7
Let m be 101/(-9) + (-10)/(-45). List the prime factors of 2/m - 1170/(-22).
53
Suppose 0*f - 60 = -3*f. Let z = f - 13. List the prime factors of z.
7
Let l = 2 - 0. Let d(x) = -l*x + 6*x - 2*x - 3*x + 2. What are the prime factors of d(-6)?
2
Suppose 3*m - 43 = -4*n, 4*m - n = 3*n + 20. Let k = m + -5. Suppose 0 = -2*r + 4*r + 5*j - 29, 0 = k*r - 4*j + 12. What are the prime factors of r?
2
Let c = 481 - 317. List the prime factors of c.
2, 41
Let a = 205 + -84. List the prime factors of a.
11
Let d(i) = -4*i - 6. List the prime factors of d(-17).
2, 31
Let h be (-5*(-4)/10)/2. List the prime factors of h*(-3)/6*-62.
31
Let p(k) = -8*k + 10. Let u be p(-5). Suppose u = -2*v + 4*v. List the prime factors of v.
5
Let v be 3 - (-17 + 3 + 0). Let x = v - 29. What are the prime factors of (-136)/x + 4/6?
2, 3
Let o(t) = -2*t + 9. Let d be o(6). Let h be ((-6)/1)/2 - 1. List the prime factors of d/h + (-100)/(-16).
7
Let j(v) = v. Let m be j(3). Suppose -10 = -m*f + f. Suppose -2 = f*y - 12. What are the prime factors of y?
2
List the prime factors of (1 + 0)/((-8)/(-264)).
3, 11
Let p be 0*1/(-2)*2. Let a(o) = -o**2 - 7*o + 8. Let b be a(-6). Suppose -2*s = f - b, f + p*f - s + 1 = 0. List the prime factors of f.
2
Let k(q) be the third derivative of -q**4/12 - 5*q**3/3 + q**2. Suppose -4*l + 5*f - 59 = -0*f, 5*f = -3*l - 18. What are the prime factors of k(l)?
2, 3
Suppose 0 = -2*w + r + 61, w + 2*w - 92 = 2*r. List the prime factors of w.
2, 3, 5
Let t = -6 - -6. Suppose -2*h + 0*h = t. Suppose h = 5*b - b - 16. What are the prime factors of b?
2
Suppose -50 = -i - 5*y, -3*y = -2*i + 7*i - 184. Suppose 2*j + 3*j = i. List the prime factors of j.
7
Suppose 0 = -5*x - 0*x + 25. Let f(i) = -i**2 + 6*i - 2. Let y be f(5). What are the prime factors of 1*y + 10/x?
5
Suppose -3*r + 0 + 18 = 0. What are the prime factors of r?
2, 3
Let n(p) = p**2 + p + 1. Let f be n(3). Let k = -4 + f. Let d = k - 5. List th